(l) = f(l) + 5*o(l). Suppose -592*r = -564*r - 224. Give d(r).
1
Let i(m) = -m**3 + 23*m**2 + 26*m - 36. Let j be 1 + (25 - (-12)/30*-5). What is i(j)?
12
Let v(i) = -5*i**2 - 7*i + 9. Let y be (46/161)/(2/(-14)). Let n(t) = 13*t**2 + 13*t - 18. Let s(w) = y*n(w) - 5*v(w). Determine s(9).
-9
Let d(b) be the second derivative of -19*b**3/6 - 79*b**2 - 1212*b. Give d(-10).
32
Let z(i) = 10*i - 1. Let l(a) = -2*a**3 - 6*a**2 + 17. Let n be l(-4). Let y = 22 + -70. Let w = y + n. What is z(w)?
9
Let r(k) be the third derivative of -k**6/120 - 3*k**5/20 + 5*k**4/24 + 5*k**3/3 + 12*k**2 + 17*k. Let u be 1*-1 + (-56)/7. Give r(u).
-35
Let c be -67*((-468)/(-48) + 12/(-16)). Let z = c + 607. Let y(k) = -k**2 - 2*k + 3. Determine y(z).
-21
Let g(k) = 5*k + 3. Let j(b) = 103*b + 64. Let m(d) = 26*d + 16. Let s(f) = 2*j(f) - 9*m(f). Let w(u) = 11*g(u) + 2*s(u). What is w(5)?
-4
Let q(o) = -o**2 - 4*o - 7. Suppose 50 = -22*f + 12*f. Let d be f/10 + ((-33)/2)/3. What is q(d)?
-19
Let j(s) = s + 0*s - s**2 + s. Let u be (5/4 + -2)/((-1674)/(-4464)). Calculate j(u).
-8
Let s(n) = -6*n + 37. Let f(v) = 98*v + 4515. Let a be f(-46). Calculate s(a).
-5
Let x(h) = 4 + 4 - 3 - h. Let c be x(3). Let a(k) = -4*k - 168 + 172 + k**c - 4*k. Calculate a(7).
-3
Let s(r) be the second derivative of 0 - 3*r + 1/2*r**2 - 5/2*r**3. Let y be (-4)/(-14)*(-21)/(-6). Determine s(y).
-14
Let f(r) = r**2 - 1. Let m(i) be the third derivative of i**5/30 - i**4/4 + 2*i**3/3 + 324*i**2. Suppose -2 + 1 = g. Let x(v) = g*m(v) + 3*f(v). What is x(-5)?
-12
Suppose -8 = -5*h + 3*h. Let c(b) = 5 + 343*b - 5*b**2 + b**2 + b**3 - b**2 + 348*b - 693*b. Give c(h).
-19
Let j(i) = -i**3 + 5*i**2 + 6*i + 14. Let a = -2431 + 2438. Give j(a).
-42
Let y(z) = 0 - 9 - z - 1. Suppose a - 12 = -a. Suppose 6*s - 5*s - 5*l = 8, -2*l = a. Determine y(s).
-3
Let i(o) = o**2 - 3*o - 3. Let z be (0 - 19)/(1 + -2). Suppose -14 = -4*j - r, 2*j + 1 = 5*r + z. Suppose w - 5*w + j = -b, 3*b + 5*w - 22 = 0. What is i(b)?
1
Let s(m) = -m**3 - 20*m**2 - 7*m + 10. Let p be s(-10). Let l be p/(-22) - (-20)/110. Suppose -5*q + 11*q - l = 0. Let i(t) = -t**2 + 5*t + 7. What is i(q)?
-7
Let c(y) be the first derivative of y**5/60 + 7*y**4/24 + 2*y**3/3 - 65*y**2/2 - 31. Let r(x) be the second derivative of c(x). Determine r(-4).
-8
Let j(b) = -b + 3. Let m = -1919 + 1915. Calculate j(m).
7
Suppose -28*c + 10*c - 27 = -9*c. Let f(h) = 9*h + 15. What is f(c)?
-12
Let d(l) be the second derivative of 0*l**2 + 11*l - 1/20*l**5 + 0 + 1/6*l**4 + 1/6*l**3. Suppose -46*j + 20 = -36*j. What is d(j)?
2
Let t(y) = 4*y**3 - y**2 + y - 1. Suppose -2*q = -4*q - 12. Let a be (-16)/(-48)*q/(-1 + 0). What is t(a)?
29
Let l(p) be the second derivative of 100*p - 2/3*p**3 + 3*p**2 - 1/20*p**5 + 0 + 1/2*p**4. Determine l(4).
22
Let o(x) be the first derivative of x**5/20 - x**4/2 + 5*x**3/6 + x**2 + 49*x - 16. Let k(g) be the first derivative of o(g). Give k(4).
-10
Let m(g) = 0*g + 36*g**3 + 0*g - 1. Let l(w) = -2818*w - 169081. Let u be l(-60). Give m(u).
-37
Suppose -5*z - 5*d - 60 = -15, 37 = -5*z - 3*d. Let t be ((-80)/6)/(-4)*(-9)/z. Let b(o) = -16*o + 26*o + t - 11*o. What is b(8)?
-2
Let w = -1 - -3. Let k(n) be the first derivative of 9*n**2/2 - 2*n - 11176. Calculate k(w).
16
Suppose 0*m + m = -4*m. Suppose m*y + 4*y - 16 = 0. Suppose y*n = 2*n + 12. Let w(t) = t**2 - 7*t + 9. Give w(n).
3
Let z(h) be the third derivative of -h**5/20 + 151*h**3/6 - 73*h**2. Let x(v) be the first derivative of z(v). Determine x(-7).
42
Let u(p) = -178*p - 885. Let f be u(-5). Let c(v) = -v**3 + 7*v**2 - 5*v - 5. Give c(f).
20
Let d(o) = 3*o**2 - 3*o. Let t(j) = 16*j**2 - 14*j + 1. Let u be 0 - -3*8/12. Let w(l) = u*t(l) - 11*d(l). Suppose 0 = 24*q - 67 - 29. Calculate w(q).
6
Let z = -4948 + 4953. Let t(q) = -q**2 + 4*q - 4. Calculate t(z).
-9
Let f be 8 - ((-4)/(-2))/1. Let z(p) be the second derivative of p**4/24 - 11*p**3/6 - 9*p**2/2 - 8*p. Let k(b) be the first derivative of z(b). What is k(f)?
-5
Let q(x) be the second derivative of -x**7/840 + x**6/40 - 3*x**5/40 - 5*x**4/12 - 64*x**3/3 - 3*x + 5. Let h(z) be the second derivative of q(z). What is h(8)?
-18
Suppose -4*u = 5*u - 90. Let k(o) = -17*o - 36. Let b(w) = -37*w - 74. Let f(m) = -6*b(m) + 13*k(m). What is f(u)?
-14
Let q be (4 - 0) + (0 + -213)/(-3). Let r(s) = -43 - 36 + q - s. Give r(4).
-8
Suppose 71*c + 206*c + 56*c - 1998 = 0. Let w(x) = -x**3 + 7*x**2 - 58*x + 316. What is w(c)?
4
Suppose -7 = 2*m - 11. Let a(u) = u**3 - 7*u**m - 8 + 3*u + 5 + 2*u**2. What is a(5)?
12
Let m(h) = -h**3 + 7*h**2 - 5*h + 3. Let i(g) = 86*g**2 - 3 - 88*g**2 + 5*g - 1. Let k be i(3). Let q = -1 - k. Give m(q).
9
Let a = 26 - 39. Let i be (a/39)/(2/(-36)). Suppose -l + i*l + 5 = 0. Let k(m) = -2*m**2 + m. Calculate k(l).
-3
Let o(g) = g**2 - g + 4. Let r(k) = -k**2 - 4*k - 4. Let a(y) = y - 13. Let h be a(9). Let w be r(h). Give o(w).
24
Suppose -4*g = -0*g - 24. Let w = 58 + -58. Suppose -g*o - 3 - 3 = w. Let j(p) = 6*p. Calculate j(o).
-6
Suppose 7*b - 215 - 569 = 0. Suppose -44*m + b = -28*m. Let t(f) be the third derivative of f**5/60 - 7*f**4/24 - f**3/2 + f**2. Calculate t(m).
-3
Let f(i) = i**2 + 14*i - 11. Let u be (6 + 60/5)/(-1). What is f(u)?
61
Let z be 31 + -1 - (-578 + 597). Let m(d) = -d**3 + 12*d**2 - 9*d - 28. Calculate m(z).
-6
Let r = 2310 - 2304. Let f(g) = g**2 + 7*g - 69. Determine f(r).
9
Suppose 4*c - 5 + 25 = 0. Let i(n) = 7*n**2 + 4*n + 1. Let o(a) = -4*a**2 - a - 1. Suppose 0 = -51*w + 59*w - 24. Let g(k) = w*i(k) + 5*o(k). What is g(c)?
-12
Let p(t) = -359*t - 12 + 177*t - 191*t**2 + 182*t**2 + 171*t - t**3. Determine p(-5).
-57
Suppose 199 - 157 = 14*b. Let n(l) = 9*l - 3. Calculate n(b).
24
Suppose 5*x - 97 = -87. Let w be (-7)/(-28) + 132/(-32)*x. Let n(m) = -m**2 - 8*m - 5. What is n(w)?
-5
Let g(k) = 23*k**2 + 97*k - 68. Let s(z) = 17*z**2 + 70*z - 51. Let c(n) = 8*g(n) - 11*s(n). What is c(-2)?
-7
Let u(h) be the third derivative of h**6/120 - 11*h**5/30 + 23*h**4/24 - 47*h**3/6 - 486*h**2. Give u(21).
-5
Let b(g) = -7*g**2 + 2*g. Let m(q) = -12*q - 10. Suppose 17*x = -0 - 17. Let w be m(x). Calculate b(w).
-24
Let m(i) = 192*i + 2309. Let r be m(-12). Let a(v) = v**3 - 21*v**2 + 79*v - 2. Calculate a(r).
-7
Let r(i) = 4*i**2 + 16*i + 8. Let x(v) = v**2 + 2*v. Suppose 40*k = 35*k + 15. Let d(n) = k*x(n) - r(n). What is d(-7)?
13
Let n(q) = -5*q - 6. Suppose 43 = -5*f - 2*d, 6*f - 5*d = 7*f - 19. Calculate n(f).
49
Let u(s) be the third derivative of -s**5/60 + s**4/24 - s**3/3 + 1465*s**2. Determine u(-4).
-22
Let a(l) = -l - 16. Let g be 1395/90 + 6/(-4) - (4 - 6). What is a(g)?
-32
Let z be ((-16)/20)/(6/(-15)). Let m(g) = 32*g**3 - 59*g**3 + 1 - 3*g - 5*g**z + 26*g**3 + 1. Give m(-3).
-7
Let i = 10 + -2. Let g(y) = -26*y - 561. Let r be g(-21). Let u = r + i. Let k(l) = -l. Calculate k(u).
7
Let b(s) = 147*s - 64. Let i(o) = 636*o - 257. Let z(a) = -13*b(a) + 3*i(a). Calculate z(18).
7
Let a(g) = 42 + g**2 - 199*g + 0*g**2 - 106*g + 253 + 227*g. Give a(4).
-1
Let d(y) = -5*y - 4. Suppose x - 4*l = 21, -24*l = -29*l - 20. Suppose -4*q + 9*q - 5 = -4*f, -2*q + x*f + 35 = 0. Calculate d(q).
-29
Let p(r) = -r**3 - r**2 - 6*r + 7. Let j(b) = 2*b**3 + 3*b**2 + 13*b - 15. Let a(i) = -6*j(i) - 13*p(i). Suppose 2*z + g - 6 = 2, 3*z - 17 = g. What is a(z)?
-1
Let r(g) be the second derivative of -g**5/20 - 25*g**4/12 - 4*g**3 + 5*g**2/2 + 2*g - 2248. Give r(-24).
5
Let u(q) = -8 + 39*q**3 - 64*q**3 - 14 - 26*q + 4 + 24*q**3 + 28*q**2. Calculate u(27).
9
Let v(d) be the first derivative of -1 + 0*d - 1/3*d**3 + 1/2*d**2. Let b = 4546 - 4547. Determine v(b).
-2
Let o(k) = -8*k**2 + 6*k**3 + 2 - 9*k + 63 - 5*k**3. Let h be o(8). Let s(x) = -1 - 2 - x**2 - 3*x**3 + 2*x**3 - 5*x**2 + 8*x. What is s(h)?
-10
Let z(j) = -5 + 5 + 9*j. Let y be (-5 - (-48)/10)*-5. What is z(y)?
9
Let y(c) = 77*c - 312. Let h(t) = 40*t - 156. Let l(k) = 7*h(k) - 4*y(k). Let i be l(5). Let m(r) = r**3 - 17*r**2 + 16*r - 5. What is m(i)?
-5
Let b(h) = h**2 - 6*h - 10. Let g be (14 + -7 + -1)/2. Suppose -5*a + 22 = 4*t - g*t, -4*t = -4*a - 16. What is b(t)?
-3
Let s(z) = z**2 + 2*z + 2. Let w(u) = 2*u**2 + 12*u + 12. Suppose -3 = -51*g + 48*g. Let p(k) = g*s(k) - w(k). Calculate p(-9).
-1
Let z(t) 